-t + 6 - 4 + 9 + 2*t. Let z(y) = -80*y + 179. Let n be z(2). What are the prime factors of g(n)?
2, 3, 5
Suppose 3*m + 24*d = 20*d + 218, d = 4*m - 278. List the prime factors of m.
2, 5, 7
Let b be (-2)/8*6*-530. Suppose -4*m - 5*j + 257 = -379, -5*m + b = 5*j. Suppose -2*x = m - 463. What are the prime factors of x?
2, 19
Suppose 0 = f + 5*w - 6*w - 11278, -5*w = -15. What are the prime factors of f?
29, 389
Let u be 5*4/(-12)*33. Let q = u - -57. Suppose -q*r - 4*r + 96 = 0. List the prime factors of r.
2
Let y(v) = 30*v + 15. Let q(u) = u + 1. Let h(s) = -25*q(s) + y(s). Let j be h(8). Suppose -f + g + 21 = 3*g, -f - 5*g + j = 0. What are the prime factors of f?
3, 5
Suppose 12*i = 3651 + 21405. Let p = i + -1488. What are the prime factors of p?
2, 3, 5
Suppose -3*i + 50385 = -3*h, -5*h = -4*i - 4*h + 67198. What are the prime factors of i?
53, 317
Suppose 16 = x - 5*x, 508 = -2*z - 5*x. Let l = -92 - z. What are the prime factors of l?
2, 19
Suppose 3989 = 11*d - 72406. What are the prime factors of d?
3, 5, 463
Let n = 472 - 98. Suppose 0 = 29*t - 24*t - 10. Suppose t*y = 4*x + 242, 2*y + 5*x + 123 = n. What are the prime factors of y?
3, 41
Suppose -h = 2, -645*a + 25178 = -641*a - h. What are the prime factors of a?
2, 3, 1049
Suppose 0 = 5*v - 3*i + 68, -4*i = -3*v - 30 - 2. Let t(k) = -45*k + 337. List the prime factors of t(v).
7, 151
Let p be 23159/2 + (35/(-10) - -4). Suppose -16*d + p = -d. What are the prime factors of d?
2, 193
Suppose -47456 = -5*v - 5*j + 201429, -4*v = -4*j - 199148. What are the prime factors of v?
2, 3, 8297
What are the prime factors of (179536/(-168))/((-6)/9)?
7, 229
Suppose -4*h + 21*r + 9944 = 17*r, -3*h - 4*r = -7430. What are the prime factors of h?
2, 17, 73
Let w(b) = -b**2 + 5*b + 10. Let z be w(-4). Let o = 30 + z. Suppose -y + 51 = -p, 2*y + o*p = -2*y + 196. List the prime factors of y.
2, 5
Let p(z) be the first derivative of z**3/3 - 7*z**2 - 26*z + 195. What are the prime factors of p(-3)?
5
Let d = -398 - -398. Suppose d = 2*m - 1454 - 306. What are the prime factors of m?
2, 5, 11
Let v(u) = 10752*u - 143. What are the prime factors of v(1)?
103
Let w(t) be the first derivative of 3*t**2/2 - 37*t - 120. What are the prime factors of w(14)?
5
Suppose 3*c + 0*c = 15. Let q be -3*(-40)/(-16)*(-4)/c. What are the prime factors of (-6)/9 - ((-40)/q - 3)?
3
What are the prime factors of -26 - -73267 - (-210)/21?
3, 2713
Suppose 0 = -0*a + 3*a - 2*r - 24, r = a - 8. Suppose -13*x + a = -9*x. Suppose -148 = -c + 5*w + 11, 0 = -x*c + 3*w + 290. List the prime factors of c.
139
Suppose -4810*m - 2388 = -4822*m. Let i(p) = -2*p**2 + p - 10. Let v be i(7). Let z = v + m. What are the prime factors of z?
2, 7
Suppose 0 = -0*z + 2*z + 10. Let j be 68 + 5/(z/2). Suppose 0 = s + 16 - j. What are the prime factors of s?
2, 5
Let w(x) be the second derivative of x**5/20 - x**4/12 - 2*x**3 - 35*x**2/2 - 213*x. List the prime factors of w(9).
5, 101
Suppose w - 3*n + 24552 = 3*w, w = 3*n + 12285. What are the prime factors of w?
3, 4093
Let u = 956 + -548. Suppose -3*y = -0*y + q - u, 4*q - 136 = -y. Suppose -3*s = 4*m - 676, -y = s - 5*m - 374. What are the prime factors of s?
2, 3, 19
Let s = -1128 - -1129. Suppose 2*q - 8 = -0*q. Suppose z - 172 = q*v, 2*v - s = v. List the prime factors of z.
2, 11
Suppose -5*p - 4*u - 50 = 0, -3*p + 5*u - 62 = u. Let r = -668 + 712. Let i = p + r. List the prime factors of i.
2, 3, 5
Suppose 6*k - 5*k - 4 = 0. Let a be ((-14)/(-5))/(k/10). Suppose a*m - m - 198 = 0. List the prime factors of m.
3, 11
Suppose -8 + 10 = t + 2*b, 2*b + 6 = 0. What are the prime factors of 1636/((-5)/((-10)/t))?
409
Let u(v) = -2024*v - 39. Let m(s) = 3036*s + 59. Let p(h) = 5*m(h) + 7*u(h). List the prime factors of p(1).
2, 11, 47
Let w = 146700 - 87604. List the prime factors of w.
2, 83, 89
Suppose 2*b = 2*k - 17042, 3*k = 2*b + 19119 + 6448. List the prime factors of k.
5, 11, 31
Let d(z) = z**3 - 20*z**2 + 21*z - 6. Suppose -q + 0*u - 2*u + 22 = 0, q = 5*u + 15. List the prime factors of d(q).
2, 3, 23
Suppose 199 = 8*v - 4737. Suppose -n - s + v = 0, -24*n + 21*n = -2*s - 1836. What are the prime factors of n?
2, 307
Suppose 0 = -m + 2*p - 258, -2*p + 4*p + 274 = -m. Let g = 736 + m. What are the prime factors of g?
2, 5, 47
Let z be 7370/11*(-2)/4. Let k = z - -368. List the prime factors of k.
3, 11
Let o be 12/(-4) + (3 - 0). Suppose -i = -o*i - 4*w - 1861, 0 = -2*i + 3*w + 3702. List the prime factors of i.
3, 5, 41
Let w(a) = 2500*a - 12. List the prime factors of w(3).
2, 3, 13
Let h = 4976 + 9553. What are the prime factors of h?
3, 29, 167
Let c = -3 + -866. Let b = 149 - c. List the prime factors of b.
2, 509
Suppose -4*y = 2*n - 102524, 0 = -11*n + 7*n + 3*y + 204993. List the prime factors of n.
2, 3, 4271
Let f(n) = -n**3 - 5*n**2 + 5*n - 3. Let d be f(-6). Suppose 2*w = 3*i - w - 786, -d*i = -w - 788. List the prime factors of i.
263
Suppose 4*u + 17 = 5. Let k(t) = 46*t**2 + 5*t + 6. List the prime factors of k(u).
3, 5
Suppose -149*f + 146*f = -k + 20474, -4*k + 4*f = -81936. List the prime factors of k.
7, 2927
Let f(h) = 2*h + 4672. Let w be f(0). Suppose -7*g + w = 9*g. What are the prime factors of g?
2, 73
Suppose 65*z - 2866822 = -16*z + 51365. What are the prime factors of z?
3, 4003
Suppose -4*j + g = -1955, 3*j + 485 = 4*j + g. Suppose -7*h + j = -51. What are the prime factors of h?
7, 11
Let c(u) be the third derivative of -u**4/6 + 34*u**3 + u**2 - 32*u. What are the prime factors of c(5)?
2, 23
Let a(f) = 33*f + 95. Let j(m) = -31*m - 96. Let h(r) = 6*a(r) + 5*j(r). What are the prime factors of h(2)?
2, 11
Suppose -23405 = -44*z + 7536 + 40031. What are the prime factors of z?
1613
List the prime factors of ((-119)/(-17) - 1389)*((-95)/(-2))/(-5).
19, 691
Let k(q) be the second derivative of 19*q**5/120 + q**4/8 + 5*q**3/3 + 14*q. Let a(d) be the second derivative of k(d). List the prime factors of a(2).
41
Let u(v) = 35*v**2 - 51*v - 189. What are the prime factors of u(-16)?
9587
Suppose 65 = -2*a + 23. Let j(i) = -25*i - 76. What are the prime factors of j(a)?
449
Suppose -66 = -22*t + 22. List the prime factors of t/8*5*3624/30.
2, 151
Suppose 57*v + 483239 = 1690727. List the prime factors of v.
2, 331
Let y(o) be the second derivative of o**5/20 + 5*o**4/12 - o**3 - 11*o**2/2 + 60*o. List the prime factors of y(-5).
19
Let v(q) = -q + 3. Let j be v(1). Suppose a - 15 = 5*h, j*a + 2*a = h + 60. Suppose 8*b - 3*b - a = 0. List the prime factors of b.
3
Let f = 80502 - 29935. List the prime factors of f.
11, 4597
Suppose 10*z + 939 = 309. Let v = -60 - z. Suppose 82 = v*s - 2*s. What are the prime factors of s?
2, 41
Let z(j) = 632*j**2 - 57*j + 178. What are the prime factors of z(5)?
3, 5231
Let v be 7 + -5 + (-75 - 0). Let z = v + 209. Suppose 2*y - 6*y = -z. List the prime factors of y.
2, 17
Suppose 5*j - 22 + 402 = -5*p, -2*p + 233 = -3*j. Suppose 4*a - 260 = 3*f, 4*a - 46 = f + 30. Let x = j - f. List the prime factors of x.
3, 5
Let z(w) = 8*w**3 - 17*w**2 + 7*w + 1. Let i(q) = 7*q**3 - 16*q**2 + 8*q + 2. Let p(b) = 6*i(b) - 5*z(b). List the prime factors of p(6).
11
Let a = 1552 + -696. Let h = a + -495. What are the prime factors of h?
19
Suppose 31*i = 2*i + 55560 + 163419. List the prime factors of i.
3, 839
Let u be 4 - (5916/6)/2. List the prime factors of -2 + u/(18/(-4) - -3).
2, 3
List the prime factors of 22556/8 + (6 - (-65)/(-10)).
2819
Suppose -170*s + 163*s + 812 = 0. Suppose 3*q + 5*f = 205, -112*q - f - 258 = -s*q. What are the prime factors of q?
5, 13
Suppose 91*f = -27*f + 1273220. List the prime factors of f.
2, 5, 13, 83
Let m(a) = 3*a**3 - 2*a**2 - a + 77. Let p(s) = -10*s**3 + 7*s**2 + 4*s - 230. Let l(q) = 7*m(q) + 2*p(q). Let u = 48 + -48. List the prime factors of l(u).
79
Let p be (5 + 48/(-9))/(1/(-9)). List the prime factors of (4 - 1) + 291 + (4 - p).
5, 59
Let t be (((-2)/(-5))/(-1))/((-4)/120). Suppose 6 + t = -6*f. Let a(h) = -4*h**3 + h**2 + h - 5. List the prime factors of a(f).
109
Suppose -2*j + 20022 = 5*l, -4*l + 5*j = 4*j - 16015. Suppose 4*a - 4*d - l = 0, 13*a + 4*d - 1021 = 12*a. List the prime factors of a.
3, 5, 67
Let f(u) = -52*u - 17. Let m be f(15). Let d = 68 - m. Suppose -5*w + 4*j + d = 